 are the prime factors of 935309?
619, 1511
List the prime factors of 763437.
3, 31, 8209
List the prime factors of 690475.
5, 71, 389
List the prime factors of 2926661.
2926661
What are the prime factors of 1868892?
2, 3, 155741
What are the prime factors of 1394519?
7, 73, 2729
What are the prime factors of 535741?
535741
What are the prime factors of 12505229?
11, 103349
List the prime factors of 12971922.
2, 3, 2161987
List the prime factors of 3985814.
2, 7, 284701
List the prime factors of 38716.
2, 9679
List the prime factors of 569818.
2, 41, 6949
List the prime factors of 323744.
2, 67, 151
What are the prime factors of 192366?
2, 3, 10687
List the prime factors of 330057.
3, 7, 13, 31
What are the prime factors of 554075?
5, 37, 599
What are the prime factors of 583294?
2, 291647
What are the prime factors of 1792584?
2, 3, 43, 193
What are the prime factors of 18954900?
2, 3, 5, 21061
What are the prime factors of 4083532?
2, 131, 7793
List the prime factors of 6307532.
2, 7, 11, 20479
List the prime factors of 20764340.
2, 5, 19, 53, 1031
List the prime factors of 669674.
2, 19, 17623
List the prime factors of 1258265.
5, 251653
List the prime factors of 5982635.
5, 619, 1933
List the prime factors of 2932820.
2, 5, 11, 13331
What are the prime factors of 1333685?
5, 359, 743
What are the prime factors of 609096?
2, 3, 41, 619
List the prime factors of 787063.
179, 4397
What are the prime factors of 11282921?
13, 449, 1933
List the prime factors of 1288028.
2, 7, 157, 293
List the prime factors of 181083.
3, 7, 8623
What are the prime factors of 39409262?
2, 19704631
List the prime factors of 7657865.
5, 79, 19387
List the prime factors of 591670.
2, 5, 59167
List the prime factors of 1297003.
1297003
What are the prime factors of 3234779?
3234779
List the prime factors of 170506.
2, 7, 19, 641
What are the prime factors of 5471064?
2, 3, 8443
List the prime factors of 88895.
5, 23, 773
List the prime factors of 1461055.
5, 103, 2837
List the prime factors of 289811.
61, 4751
List the prime factors of 2314730.
2, 5, 11, 1913
What are the prime factors of 27454?
2, 7, 37, 53
List the prime factors of 1692304.
2, 105769
What are the prime factors of 604409?
13, 19, 2447
What are the prime factors of 1423552?
2, 13, 29, 59
What are the prime factors of 194191?
17, 11423
What are the prime factors of 190198?
2, 61, 1559
What are the prime factors of 854478?
2, 3, 37, 1283
List the prime factors of 17273.
23, 751
What are the prime factors of 5123128?
2, 151, 4241
What are the prime factors of 2843?
2843
What are the prime factors of 584672?
2, 11, 151
List the prime factors of 2904529.
2904529
List the prime factors of 1504892.
2, 439, 857
List the prime factors of 257102.
2, 128551
What are the prime factors of 1589225?
5, 11, 5779
What are the prime factors of 995941?
995941
List the prime factors of 9061040.
2, 5, 191, 593
What are the prime factors of 1614302?
2, 807151
List the prime factors of 1423734.
2, 3, 13, 18253
What are the prime factors of 162525?
3, 5, 11, 197
What are the prime factors of 11292093?
3, 523, 2399
List the prime factors of 14518687.
397, 36571
What are the prime factors of 25520456?
2, 13, 245389
List the prime factors of 1457916.
2, 3, 121493
What are the prime factors of 86066?
2, 23, 1871
What are the prime factors of 221?
13, 17
List the prime factors of 10945408.
2, 233, 367
List the prime factors of 7385171.
7385171
What are the prime factors of 314137?
314137
What are the prime factors of 87215?
5, 17443
List the prime factors of 29119097.
7, 263, 15817
List the prime factors of 8495574.
2, 3, 1415929
List the prime factors of 81490.
2, 5, 29, 281
List the prime factors of 19163142.
2, 3, 29, 4079
List the prime factors of 1330672.
2, 7, 109
List the prime factors of 432479.
432479
What are the prime factors of 5235234?
2, 3, 53, 101, 163
What are the prime factors of 183415?
5, 36683
What are the prime factors of 504768?
2, 3, 11, 239
List the prime factors of 8596130.
2, 5, 43, 19991
What are the prime factors of 535615?
5, 107123
What are the prime factors of 3371136?
2, 3, 8779
What are the prime factors of 5417931?
3, 311, 5807
What are the prime factors of 3691901?
67, 55103
List the prime factors of 145932.
2, 3, 12161
What are the prime factors of 199995?
3, 5, 67, 199
List the prime factors of 4447810.
2, 5, 157, 2833
What are the prime factors of 64442?
2, 7, 4603
What are the prime factors of 10063614?
2, 3, 11, 41, 3719
What are the prime factors of 590820?
2, 3, 5, 43, 229
What are the prime factors of 137702?
2, 31, 2221
What are the prime factors of 2306187?
3, 13, 23, 857
List the prime factors of 582677.
582677
List the prime factors of 357637.
7, 19, 2689
What are the prime factors of 775659?
3, 17, 67, 227
What are the prime factors of 2218868?
2, 113, 4909
What are the prime factors of 351112?
2, 43889
What are the prime factors of 332379?
3, 36931
List the prime factors of 1124611.
193, 5827
What are the prime factors of 1716012?
2, 3, 15889
List the prime factors of 2639023.
73, 36151
List the prime factors of 480671.
229, 2099
What are the prime factors of 210255?
3, 5, 107, 131
List the prime factors of 3253172.
2, 13, 73, 857
List the prime factors of 895703.
895703
What are the prime factors of 1322924?
2, 330731
What are the prime factors of 467009?
467009
List the prime factors of 275703.
3, 29, 3169
What are the prime factors of 14132066?
2, 13, 17, 31973
What are the prime factors of 2906722?
2, 7, 13, 15971
List the prime factors of 48791.
97, 503
What are the prime factors of 554075?
5, 37, 599
What are the prime factors of 77270?
2, 5, 7727
What are the prime factors of 22877233?
22877233
What are the prime factors of 246230?
2, 5, 24623
What are the prime factors of 4630897?
4630897
List the prime factors of 721841.
43, 16787
List the prime factors of 6439623.
3, 997, 2153
What are the prime factors of 9824757?
3, 313, 10463
List the prime factors of 2001163.
2001163
List the prime factors of 184020.
2, 3, 5, 3067
What are the prime factors of 518767?
518767
What are the prime factors of 1133846?
2, 7, 80989
List the prime factors of 547213.
17, 32189
What are the prime factors of 2231280?
2, 3, 5, 1033
List the prime factors of 519089.
519089
List the prime factors of 2526213.
3, 842071
List the prime factors of 919796.
2, 229949
List the prime factors of 824102.
2, 412051
What are the prime factors of 107798?
2, 53899
What are the prime factors of 11612432?
2, 13, 55829
List the prime factors of 2128362.
2, 3, 354727
List the prime factors of 4458925.
5, 59, 3023
List the prime factors of 832324.
2, 23, 83, 109
What are the prime factors of 654414?
2, 3, 29, 3761
What are the prime factors of 111466?
2, 55733
List the prime factors of 689296.
2, 67, 643
List the prime factors of 82716.
2, 3, 61, 113
List the prime factors of 916287.
3, 43, 7103
List the prime factors of 5043515.
5, 97, 10399
List the prime factors of 367281.
3, 61, 223
What are the prime factors of 2591292?
2, 3, 11, 67, 293
List the prime factors of 1966134.
2, 3, 327689
List the prime factors of 645460.
2, 5, 59, 547
What are the prime factors of 20651825?
5, 43, 19211
List the prime factors of 1591527.
3, 7, 75787
What are the prime factors of 304660?
2, 5, 15233
What are the prime factors of 128408?
2, 7, 2293
List the prime factors of 8607863.
11, 31, 25243
What are the prime factors of 36024?
2, 3, 19, 79
What are the prime factors of 581144?
2, 72643
List the prime factors of 1050386.
2, 525193
List the prime factors of 18980260.
2, 5, 13, 37, 1973
List the prime factors of 6596593.
1721, 3833
List the prime factors of 8104410.
2, 3, 5, 17, 5297
List the prime factors of 11033679.
3, 727, 5059
List the prime factors of 7192882.
2, 23, 271, 577
What are the prime factors of 117873?
3, 7, 1871
List the prime factors of 189882.
2, 3, 7, 11, 137
What are the prime factors of 3340286?
2, 37, 45139
List the prime factors of 5286255.
3, 5, 13, 27109
What are the prime factors of 156553?
17, 9209
List the prime factors of 8483.
17, 499
What are the prime factors of 2608266?
2, 3, 113, 3847
List the prime factors of 24832821.
3, 13, 636739
List the prime factors of 19002.
2, 3, 3167
What are th